the thousands digit of c?
2
Let g be (-3 - -9)/(11/44). What is the units digit of (g/16)/(3/274)?
7
Let t = -3 - -3. Let k(h) = 16*h**2 - 13*h. Let d be k(2). Suppose t = -2*l + 96 - d. What is the tens digit of l?
2
Let s = -704 - -1644. Let u = -27 + 34. Suppose u*f - s = 285. What is the units digit of f?
5
Let w be (2498/(-2))/((-2 + -11)/13). Let n = w - 662. What is the hundreds digit of n?
5
Let h(j) = j**2 + 18*j + 32. Let p be h(-16). Suppose 5*y = -3*n + 1157, p = 2*y - 7*y - 5*n + 1155. What is the tens digit of y?
3
Suppose -3*o = 5*k - 43084, 7*k - 2*o - 101565 + 41266 = 0. What is the hundreds digit of k?
6
Let k = -1 - 1. What is the units digit of ((-155)/(-465))/(k/(-336)*2)?
8
Let d be (-1)/((12/60)/(2/(-5))). Let z be 100 - d*(-5 - -3). Suppose 102*b - z*b = -310. What is the units digit of b?
5
Let y = 5196 - 2639. Suppose 0 = -5*f + y - 557. What is the hundreds digit of f?
4
What is the ten thousands digit of (80 + -1)/(257400/(-8877) + 29)?
2
Suppose -4*z = a + 173, 4*z - 87 = -5*a - 888. Let p = -174 - -100. Let f = p - a. What is the units digit of f?
3
Let h(k) = -k - k**3 + 7*k**2 + 5*k**3 - 3 - 15 - 5*k**3. Let v be h(6). Suppose -2*u + 63 = -o, -4*o + 0 = v. What is the units digit of u?
0
Suppose -2*k - 3*k - 19 = -874. What is the units digit of k?
1
Let n = 27 - 3. Let h = n - 22. Suppose h*g - 222 + 26 = 0. What is the tens digit of g?
9
Let x = 577 - 584. Let j(t) be the third derivative of -7*t**4/12 - 11*t**3/6 + 2*t**2. What is the tens digit of j(x)?
8
Let v = 72 + -42. Let n = 77 - v. What is the tens digit of n + (-2 - -14)/3?
5
Let p(h) = 5 - 2*h**3 + 0*h**3 - h**3 - 5*h - 5*h**2 + 2*h**3. Let j be p(-5). Let z = j - 6. What is the units digit of z?
4
Let j(p) = -p**3 - 14*p**2 + 17*p + 31. Let g = 77 - 92. Let y be j(g). What is the tens digit of y - (2 + 1 + -222)?
2
Let n = -141 + 243. Let t = -57 + n. Suppose c - 16 - t = 0. What is the units digit of c?
1
Suppose 0 = -4*s + 3*y + 7429, s - 1089 - 767 = 2*y. What is the tens digit of s?
5
Let i(n) = -5*n**3 + 16*n**2 + 4*n - 8. Let h be i(-7). Suppose -49 = -8*c + h. What is the hundreds digit of c?
3
Let y(n) be the third derivative of n**4/24 + 5*n**3/6 - 9*n**2. Let j be y(-3). Suppose 101 = 3*f + h - 141, -5*f = -j*h - 418. What is the units digit of f?
2
Let t(j) = 14*j**3 - 4*j**2 + 16*j - 125. What is the tens digit of t(6)?
5
Let p be -1 + (-7)/(28/(-16)) - 1. Suppose 0 = 5*a + i - 8, -3*i - i = 5*a - p. What is the units digit of (-6)/a - (-27 + -7)?
1
Suppose 4*f - 36 = -5*u, -3*f - 4*u - u + 32 = 0. Let p be (-4)/(-16)*-34 - (-2)/f. What is the tens digit of 6/p + (-153)/(-12)?
1
Let a(c) = 5*c - c + 17*c. Let y be a(1). Suppose -j + y = -24. What is the units digit of j?
5
What is the ten thousands digit of 43307/1 + (43 - 15) + -36?
4
Let u = 9644 - 1759. What is the units digit of u?
5
Suppose 3361 = 4*s - 2935. Suppose 11*k + s = 13311. What is the tens digit of k?
6
Suppose 0 = 6*p + 252 - 6. Let u = -44 - p. What is the units digit of 10/(-15) - (134/u - 1)?
5
Let j be 2038/(-15) + -6 + (-352)/(-60). Suppose -n - 88 = n. Let c = n - j. What is the tens digit of c?
9
Suppose -3*j + 1703 = -4*z, -j + 3*j + 3*z - 1158 = 0. Suppose -590 = -2*l - 578. Suppose -b - j = -4*i, 10*b = l*b - 20. What is the tens digit of i?
4
Suppose 160*o - 132*o - 28420 = 0. What is the tens digit of o?
1
Suppose -487 + 1184 = j - 4*i, 2*j + 3*i - 1372 = 0. What is the units digit of j?
9
Let w be 3179 - 2*3/6*-1. Suppose -68*d + w = -65*d. Suppose r - d = -4*r - j, 5*j = -2*r + 447. What is the tens digit of r?
1
Let q be (-1 - -3)*(-5)/(-1). Let k be q/(4 + 1)*-1. What is the tens digit of k/11 - (-915)/11?
8
Suppose -12660 = -2*y - b, -2161*b = -3*y - 2157*b + 18979. What is the tens digit of y?
2
Suppose -4*h - 42 = -2*u, -2*u = -2*h - 8 - 8. Let r = h + 213. What is the units digit of r?
0
Suppose 43 - 7 = 4*h. Suppose h*r - 12*r = -717. Suppose 2*y - 5*o = 46 + 68, -o = -5*y + r. What is the tens digit of y?
4
Let q = 8246 + -8232. What is the tens digit of q?
1
Let a be ((-153)/255)/((-2)/(-2*10)). Let s(z) = -213*z - 105. What is the hundreds digit of s(a)?
1
Let z(y) = 3*y**2. Let k be z(1). Let i be k/(-7) + (-102)/(-42). Suppose -2*m + 141 = 5*u, -u - i*u - 15 = 0. What is the tens digit of m?
8
What is the units digit of 380338/6 + 35/105?
0
Suppose -2932 = -14*m - 300. Suppose 0 = f - 4*f + 357. Suppose 0 = 3*s - g - m, 3*g - f = -2*s - 12. What is the tens digit of s?
6
Let r(n) = 2*n**2 + 5*n - 5. Let c be r(-5). Suppose -c*j + 32*j = 24. Suppose -41 = -j*l + 21. What is the tens digit of l?
3
Let l be -2*1*(-13 - -12). Let x(d) = -27 - 4*d + 0*d**l + d**2 - 4*d - 6. What is the units digit of x(14)?
1
What is the hundreds digit of 9 - ((-432291)/10 - (-7)/70)?
2
Let p be (-3)/9 - (-1536)/(-9). Let h = p + 674. What is the hundreds digit of h?
5
Let k(q) = 6 - 4*q - 5 - 4 - 3 - 3*q + 16*q**2. What is the units digit of k(7)?
9
Let p = -84 - 83. Let g = 88 + -206. Let k = g - p. What is the tens digit of k?
4
Let p(c) = -97*c + 19*c**2 + 29*c**3 - 52*c**3 + 24*c**3 - 33. What is the units digit of p(-23)?
2
Suppose 30*a + 45513 = 176553. What is the units digit of a?
8
Let j(x) = 56*x + 75. Let i(z) = 19*z + 26. Let m(c) = -17*i(c) + 6*j(c). What is the tens digit of m(44)?
8
What is the units digit of (-176181)/(-4) + 20 + 2002/(-104)?
6
Let j(o) = o - 2. Let y(f) = -f**3 + 7*f**2 - 6*f + 1. Let x be y(6). Let n(a) = 75*a + 36. Let l(d) = x*n(d) + 15*j(d). What is the tens digit of l(1)?
9
Let t(l) = l**2 + 2*l + 11. Let h be t(0). Let f(j) = j**2 - 11*j - 7. Let w be f(h). What is the units digit of w/28 - (-274)/8?
4
Let d(w) be the second derivative of w**4/6 + 4*w**3 + 19*w**2/2 - 60*w. What is the units digit of d(-12)?
9
Let y(c) = 8*c**3 - 13*c**2 - 29*c + 51. What is the hundreds digit of y(11)?
8
Suppose 9*g + 4*g = 36998. Suppose i + 2260 = 4*t, 59*i - 55*i = -5*t + g. What is the hundreds digit of t?
5
Suppose -w - 2*h + 363 = 17, w - 4*h - 370 = 0. Let g = 683 - w. What is the hundreds digit of g?
3
Let v = -272 + 268. What is the tens digit of 3030/3 + (v - -7)?
1
Let h be 1/6*227 - 3/(-18). Suppose 5*d - 43 = -h. What is the units digit of (74/2)/((-5)/(-10)*d)?
4
Suppose -4*b + 24 = -2*u, -3*u - 2 - 10 = 0. Let h = 71 + 15. Let r = b + h. What is the tens digit of r?
9
Let z(g) = 17*g**2 - 167*g + 621. What is the units digit of z(33)?
3
Let g(h) = -h**3 - 8*h**2 - 11*h - 4. Let l be g(-6). Let u(y) = 4*y + 59. What is the tens digit of u(l)?
1
Let f(x) = 2. Let c(h) = -6*h**2 + 23*h - 58. Let q(z) = -c(z) - 6*f(z). What is the units digit of q(12)?
4
Let x = 1406 - 678. Let b = 1067 - x. What is the hundreds digit of b?
3
Let w(v) = 4. Let q(z) = -25*z - 40. Let y(k) = q(k) + 6*w(k). What is the tens digit of y(-21)?
0
Suppose v + 4*v - 85 = 0. Let p = -323 + 384. Let z = v + p. What is the tens digit of z?
7
Let i = 152 + -152. Suppose i = -2*d + 3*t + 301, 4*t + 452 = 3*d - t. What is the units digit of d?
9
Let x be 2183 - (7 - (1 - -4)). Suppose -96 + x = 5*v. What is the units digit of v?
7
Let q = 820 - 390. Let x be (2/(-2))/((-1)/3). Suppose -5*o + u + q = 0, -6*u + x*u - 344 = -4*o. What is the units digit of o?
6
Let c = -20731 + 35054. What is the ten thousands digit of c?
1
Let r = -6260 - -21249. What is the tens digit of r?
8
Let o = 94 + -88. Suppose v - u - 8 = 0, -2*u - 20 = 3*v - o*v. Suppose v*n - 4*d - 651 = 301, -n + 4*d + 229 = 0. What is the hundreds digit of n?
2
What is the units digit of 51*(-2)/(-27)*-15*(-1947)/22?
5
Let a = 247 + -245. What is the hundreds digit of (a/3)/((-4)/(-1326) - 0)?
2
Suppose 0*k - 27534 = -3*k - 3*p, -2*k + 18361 = 3*p. What is the units digit of k?
3
Let r be (-6)/(-4*4/(-32) - 2). Let x = -6 + 6. Suppose x = 2*t + 2*n - 19 - 97, 216 = 4*t - r*n. What is the tens digit of t?
5
Suppose -5*g = 2*l - 6, 3*l - 17*g = -12*g + 9. Suppose -p + 313 = 2*t, l*p + 11*t = 8*t + 945. What is the hundreds digit of p?
3
Suppose 2*b - 109 = -h, b - 100 = -4*h - 35. Let p be 0/(-2) + b + 3. Suppose 4*a + p = j - 0*a, -3*a + 84 = j. What is the tens digit of j?
7
Let h be (-146)/(9/3 - 5). Suppose 57*j - 42 = 36*j. Suppose -271 = -j*f - h. What is the units digit of f?
9
Suppose 16*c